{"id":46,"date":"2026-02-16T19:05:47","date_gmt":"2026-02-16T19:05:47","guid":{"rendered":"https:\/\/webkroj.hr\/?page_id=46"},"modified":"2026-02-20T13:20:55","modified_gmt":"2026-02-20T13:20:55","slug":"zatrazi-ponudu","status":"publish","type":"page","link":"https:\/\/webkroj.hr\/index.php\/zatrazi-ponudu\/","title":{"rendered":"Zatra\u017ei ponudu"},"content":{"rendered":"<div class=\"et_pb_section_0 et_pb_section et_section_regular et_block_section\">\n<div class=\"et_pb_row_0 et_pb_row et_block_row\">\n<div class=\"et_pb_column_0 et_pb_column et_pb_column_4_4 et-last-child et_block_column et_pb_css_mix_blend_mode_passthrough\">\n<div class=\"et_pb_text_0 et_pb_text et_pb_bg_layout_light et_pb_module et_block_module et_pb_text_align_center preset--module--divi-text--fc2eb290-8615-4a48-9c9d-6f497d91d77b\"><div class=\"et_pb_text_inner\"><h4>Web kroj - digitalna agencija<\/h4>\n<\/div><\/div>\n\n<div class=\"et_pb_text_1 et_pb_text et_pb_bg_layout_light et_pb_module et_block_module et_pb_text_align_center preset--module--divi-text--f021f819-6644-4181-99da-306200320a84\"><div class=\"et_pb_text_inner\"><h1>Izrada web stranice<\/h1>\n<\/div><\/div>\n\n<div class=\"et_pb_text_2 et_pb_text et_pb_bg_layout_light et_pb_module et_block_module et_pb_text_align_center preset--module--divi-text--e60e9dbe-afe3-420a-8618-fdee020217e9\"><div class=\"et_pb_text_inner\"><p>Popuni upitnik i kontaktirat \u0107emo te u najkra\u0107em roku!<\/p>\n<\/div><\/div>\n<\/div>\n<\/div>\n<\/div>\n\n<div class=\"et_pb_section_1 et_pb_section et_section_regular et_flex_section\">\n<div class=\"et_pb_row_1 et_pb_row et_flex_row\">\n<div class=\"et_pb_column_1 et_pb_column et-last-child et_flex_column et_pb_css_mix_blend_mode_passthrough et_flex_column_24_24 et_flex_column_24_24_tablet et_flex_column_24_24_phone\">\n<div class=\"et_pb_contact_form_0 et_pb_contact_form_container clearfix et_pb_module et_flex_module\" data-form_unique_num=\"0\" data-form_unique_id=\"2de9f23c-f9c4-4662-9d28-060267214fff\" id=\"et_pb_contact_form_2de9f23c-f9c4-4662-9d28-060267214fff\"><div class=\"et-pb-contact-message\"><\/div><div class=\"et_pb_contact\"><form class=\"et_pb_contact_form et_flex_module\" method=\"post\" action=\"https:\/\/webkroj.hr\/index.php\/wp-json\/wp\/v2\/pages\/46\">\n<div class=\"et_pb_contact_field_0 et_pb_contact_field et_pb_module et_flex_module et_flex_column_12_24 et_flex_column_12_24_tablet et_flex_column_12_24_phone\" data-id=\"name\" data-type=\"input\"><label class=\"et_pb_contact_form_label\">Ime i Prezime<\/label><input type=\"text\" name=\"et_pb_contact_0_name_0\" id=\"et_pb_contact_0_name_0\" class=\"input\" data-required_mark=\"required\" data-field_type=\"input\" data-original_id=\"name\" placeholder=\"Ime i Prezime\" title=\"\" value=\"\" \/><\/div>\n\n<div class=\"et_pb_contact_field_1 et_pb_contact_field et_pb_module et_flex_module et_flex_column_12_24 et_flex_column_12_24_tablet et_flex_column_12_24_phone\" data-id=\"email\" data-type=\"email\"><label class=\"et_pb_contact_form_label\">Email <\/label><input type=\"text\" name=\"et_pb_contact_0_email_1\" id=\"et_pb_contact_0_email_1\" class=\"input\" data-required_mark=\"required\" data-field_type=\"email\" data-original_id=\"email\" placeholder=\"Email \" title=\"\" value=\"\" \/><\/div>\n\n<div class=\"et_pb_contact_field_2 et_pb_contact_field et_pb_module et_flex_module et_flex_column_24_24 et_flex_column_24_24_tablet et_flex_column_24_24_phone\" data-id=\"field_4_3\" data-type=\"input\"><label class=\"et_pb_contact_form_label\">Kontakt broj<\/label><input type=\"text\" name=\"et_pb_contact_0_field_4_3_2\" id=\"et_pb_contact_0_field_4_3_2\" class=\"input\" data-required_mark=\"required\" data-field_type=\"input\" data-original_id=\"field_4_3\" placeholder=\"Kontakt broj\" title=\"\" value=\"\" \/><\/div>\n\n<div class=\"et_pb_contact_field_3 et_pb_contact_field et_pb_module et_flex_module et_flex_column_24_24 et_flex_column_24_24_tablet et_flex_column_24_24_phone\" data-id=\"field_4\" data-type=\"input\"><label class=\"et_pb_contact_form_label\">\u010cime se bavi va\u0161a tvrtka ili obrt?<\/label><input type=\"text\" name=\"et_pb_contact_0_field_4_3\" id=\"et_pb_contact_0_field_4_3\" class=\"input\" data-required_mark=\"required\" data-field_type=\"input\" data-original_id=\"field_4\" placeholder=\"\u010cime se bavi va\u0161a tvrtka ili obrt?\" title=\"\" value=\"\" \/><\/div>\n\n<div class=\"et_pb_contact_field_4 et_pb_contact_field et_pb_module et_flex_module et_flex_column_24_24 et_flex_column_24_24_tablet et_flex_column_24_24_phone\" data-id=\"field_4_2\" data-type=\"select\"><label class=\"et_pb_contact_form_label\">Odaberite paket koji vas zanima<\/label><select name=\"et_pb_contact_0_field_4_2_4\" id=\"et_pb_contact_0_field_4_2_4\" class=\"et_pb_contact_select input\" data-required_mark=\"required\" data-field_type=\"select\" data-original_id=\"field_4_2\"><option value=\"\">Odaberite paket koji vas zanima<\/option><option value=\"Osnovni paket - 500\u20ac\" data-id=\"\">Osnovni paket - 500\u20ac<\/option><option value=\"Business paket - od 850\u20ac\" data-id=\"\">Business paket - od 850\u20ac<\/option><option value=\"Custome paket - od 1.100\u20ac\" data-id=\"\">Custome paket - od 1.100\u20ac<\/option><\/select><\/div>\n\n<div class=\"et_pb_contact_field_5 et_pb_contact_field et_pb_module et_flex_module et_flex_column_24_24 et_flex_column_24_24_tablet et_flex_column_24_24_phone\" data-id=\"message\" data-type=\"text\"><label class=\"et_pb_contact_form_label\">Napomena<\/label><textarea name=\"et_pb_contact_0_message_5\" id=\"et_pb_contact_0_message_5\" class=\"et_pb_contact_message input\" data-required_mark=\"required\" data-field_type=\"text\" data-original_id=\"message\" placeholder=\"Napomena\"><\/textarea><\/div>\n<input type=\"hidden\" name=\"et_pb_contactform_submit_2de9f23c-f9c4-4662-9d28-060267214fff\" value=\"et_contact_proccess\" \/><div class=\"et_contact_bottom_container\"><div class=\"et_pb_contact_right et_pb_contact_field\"><p class=\"clearfix\"><span class=\"et_pb_contact_captcha_question\">3 + 13<\/span> = <input type=\"text\" size=\"2\" class=\"input et_pb_contact_captcha\" data-first_digit=\"3\" data-second_digit=\"13\" data-required_mark=\"required\" name=\"et_pb_contact_captcha_2de9f23c-f9c4-4662-9d28-060267214fff\" autocomplete=\"off\" \/><\/p><\/div><div class=\"et_pb_button_wrapper\"><button type=\"submit\" name=\"et_builder_submit_button\" class=\"et_pb_button et_pb_contact_submit\">Zatra\u017ei besplatnu ponudu<\/button><\/div><\/div><input type=\"hidden\" id=\"_wpnonce-et-pb-contact-form-submitted-2de9f23c-f9c4-4662-9d28-060267214fff\" name=\"_wpnonce-et-pb-contact-form-submitted-2de9f23c-f9c4-4662-9d28-060267214fff\" value=\"bf4b3637a0\" \/><input type=\"hidden\" name=\"_wp_http_referer\" value=\"\/index.php\/wp-json\/wp\/v2\/pages\/46\" \/><\/form><\/div><\/div>\n<\/div>\n<\/div>\n<\/div>\n\n<div class=\"et_pb_section_2 et_pb_section et_section_regular et_block_section\">\n<div class=\"et_pb_row_2 et_pb_row et_pb_equal_columns et_block_row\">\n<div class=\"et_pb_column_2 et_pb_column et_pb_column_1_2 et_block_column et_pb_css_mix_blend_mode_passthrough\">\n<div class=\"et_pb_text_3 et_pb_text et_pb_bg_layout_light et_pb_module et_block_module preset--module--divi-text--fc2eb290-8615-4a48-9c9d-6f497d91d77b\"><div class=\"et_pb_text_inner\"><h4>KRENI<\/h4>\n<\/div><\/div>\n\n<div class=\"et_pb_text_4 et_pb_text et_pb_bg_layout_light et_pb_module et_block_module preset--module--divi-text--1323e6d6-1b18-4586-8799-d79f8de73ab4\"><div class=\"et_pb_text_inner\"><h2>Za\u0161to va\u0161 obrt treba web stranicu ve\u0107 danas?<\/h2>\n<\/div><\/div>\n\n<div class=\"et_pb_text_5 et_pb_text et_pb_bg_layout_light et_pb_module et_block_module preset--module--divi-text--e60e9dbe-afe3-420a-8618-fdee020217e9\"><div class=\"et_pb_text_inner\"><p>U digitalnom dobu, va\u0161a web stranica je va\u0161a najva\u017enija poslovnica koja nikada ne zatvara svoja vrata. Bez obzira na to koliko je va\u0161 proizvod ili usluga kvalitetna, ako vas kupci ne mogu prona\u0107i online, za njih prakti\u010dki ne postojite.<\/p>\n<\/div><\/div>\n\n<div class=\"et_pb_module et_pb_button_module_wrapper et_pb_button_0_wrapper preset--module--divi-button--bac171fe-f1c2-46dc-9af7-a7d4b6c67e0b_wrapper\"><a class=\"et_pb_button_0 et_pb_button et_pb_bg_layout_light et_pb_module et_block_module preset--module--divi-button--bac171fe-f1c2-46dc-9af7-a7d4b6c67e0b\" href=\"https:\/\/webkroj.hr\/index.php\/55-2\/\">Kontaktiraj nas!<\/a><\/div>\n<\/div>\n\n<div class=\"et_pb_column_3 et_pb_column et_pb_column_1_2 et-last-child et_block_column et_pb_css_mix_blend_mode_passthrough\">\n<div class=\"et_pb_image_0 et_pb_image et_pb_module et_block_module\"><span class=\"et_pb_image_wrap\"><img loading=\"lazy\" decoding=\"async\" src=\"https:\/\/webkroj.hr\/wp-content\/uploads\/2026\/02\/creative-marketing-creative-marketing-16.png\" width=\"1020\" height=\"840\" srcset=\"https:\/\/webkroj.hr\/wp-content\/uploads\/2026\/02\/creative-marketing-creative-marketing-16.png 1020w, https:\/\/webkroj.hr\/wp-content\/uploads\/2026\/02\/creative-marketing-creative-marketing-16-980x807.png 980w, https:\/\/webkroj.hr\/wp-content\/uploads\/2026\/02\/creative-marketing-creative-marketing-16-480x395.png 480w\" sizes=\"(min-width: 0px) and (max-width: 480px) 480px, (min-width: 481px) and (max-width: 980px) 980px, (min-width: 981px) 1020px, 100vw\" class=\"wp-image-27\" title=\"creative-marketing-creative-marketing-16\" \/><\/span><\/div>\n<\/div>\n<\/div>\n<\/div>\n\n<div class=\"et_pb_section_3 et_pb_section et_section_regular et_block_section\">\n<div class=\"et_pb_row_3 et_pb_row et_flex_row\">\n<div class=\"et_pb_column_4 et_pb_column et_flex_column et_pb_css_mix_blend_mode_passthrough et_flex_column_24_24 et_flex_column_24_24_tablet et_flex_column_24_24_phone\">\n<div class=\"et_pb_contact_form_1 et_pb_contact_form_container clearfix et_animated et_pb_module et_flex_module\" data-form_unique_num=\"1\" data-form_unique_id=\"b4662825-066e-445a-ba78-0a332a0cb3b4\" id=\"et_pb_contact_form_b4662825-066e-445a-ba78-0a332a0cb3b4\"><div class=\"et-pb-contact-message\"><\/div><div class=\"et_pb_contact\"><form class=\"et_pb_contact_form et_flex_module\" method=\"post\" action=\"https:\/\/webkroj.hr\/index.php\/wp-json\/wp\/v2\/pages\/46\">\n<div class=\"et_pb_contact_field_6 et_pb_contact_field et_animated et_pb_module et_flex_module et_flex_column_12_24 et_flex_column_12_24_tablet et_flex_column_12_24_phone\" data-id=\"ime\" data-type=\"input\"><label class=\"et_pb_contact_form_label\">Ime<\/label><input type=\"text\" name=\"et_pb_contact_1_ime_6\" id=\"et_pb_contact_1_ime_6\" class=\"input\" data-required_mark=\"required\" data-field_type=\"input\" data-original_id=\"ime\" placeholder=\"Ime\" title=\"\" value=\"\" \/><\/div>\n\n<div class=\"et_pb_contact_field_7 et_pb_contact_field et_animated et_pb_module et_flex_module et_flex_column_12_24 et_flex_column_12_24_tablet et_flex_column_12_24_phone\" data-id=\"email\" data-type=\"email\"><label class=\"et_pb_contact_form_label\">Email adresa<\/label><input type=\"text\" name=\"et_pb_contact_1_email_7\" id=\"et_pb_contact_1_email_7\" class=\"input\" data-required_mark=\"required\" data-field_type=\"email\" data-original_id=\"email\" placeholder=\"Email adresa\" title=\"\" value=\"\" \/><\/div>\n\n<div class=\"et_pb_contact_field_8 et_pb_contact_field et_pb_module et_flex_module et_flex_column_24_24 et_flex_column_24_24_tablet et_flex_column_24_24_phone\" data-id=\"poruka\" data-type=\"text\"><label class=\"et_pb_contact_form_label\">Poruka<\/label><textarea name=\"et_pb_contact_1_poruka_8\" id=\"et_pb_contact_1_poruka_8\" class=\"et_pb_contact_message input\" data-required_mark=\"required\" data-field_type=\"text\" data-original_id=\"poruka\" placeholder=\"Poruka\"><\/textarea><\/div>\n<input type=\"hidden\" name=\"et_pb_contactform_submit_b4662825-066e-445a-ba78-0a332a0cb3b4\" value=\"et_contact_proccess\" \/><div class=\"et_contact_bottom_container\"><div class=\"et_pb_contact_right et_pb_contact_field\"><p class=\"clearfix\"><span class=\"et_pb_contact_captcha_question\">10 + 7<\/span> = <input type=\"text\" size=\"2\" class=\"input et_pb_contact_captcha\" data-first_digit=\"10\" data-second_digit=\"7\" data-required_mark=\"required\" name=\"et_pb_contact_captcha_b4662825-066e-445a-ba78-0a332a0cb3b4\" autocomplete=\"off\" \/><\/p><\/div><div class=\"et_pb_button_wrapper\"><button type=\"submit\" name=\"et_builder_submit_button\" class=\"et_pb_button et_pb_contact_submit\">Po\u0161alji<\/button><\/div><\/div><input type=\"hidden\" id=\"_wpnonce-et-pb-contact-form-submitted-b4662825-066e-445a-ba78-0a332a0cb3b4\" name=\"_wpnonce-et-pb-contact-form-submitted-b4662825-066e-445a-ba78-0a332a0cb3b4\" value=\"a365dd242b\" \/><input type=\"hidden\" name=\"_wp_http_referer\" value=\"\/index.php\/wp-json\/wp\/v2\/pages\/46\" \/><\/form><\/div><\/div>\n<\/div>\n\n<div class=\"et_pb_column_5 et_pb_column et-last-child et_flex_column et_pb_css_mix_blend_mode_passthrough et_flex_column_24_24 et_flex_column_24_24_tablet et_flex_column_24_24_phone\">\n<div class=\"et_pb_text_6 et_pb_text et_pb_bg_layout_light et_pb_module et_flex_module\"><div class=\"et_pb_text_inner\"><p style=\"text-align: center;\"><span style=\"color: #ffffff;\">Web Kroj - Agencija za izradu web stranica<\/span><\/p>\n<p style=\"text-align: center;\"><span style=\"color: #ffffff;\">Vlasnik: Edin Fori\u0107<\/span><\/p>\n<p style=\"text-align: center;\"><span style=\"color: #ffffff;\">Sjedi\u0161te: Zagreba\u010dka 5, Ivani\u0107 grad<\/span><\/p>\n<p style=\"text-align: center;\"><span style=\"color: #ffffff;\">Email: <a href=\"mailto:kontakt@webkroj.hr\">info@webkroj.hr<\/a><\/span><\/p>\n<p style=\"text-align: center;\"><span style=\"color: #ffffff;\">Mob: 091 787 3001<\/span><\/p>\n<p style=\"text-align: center;\"><span style=\"color: #ffffff;\">Napomena: Obveznik nije u sustavu PDV-a prema \u010dl. 90. st. 1. i 2. Zakona o PDV-u.<\/span><\/p>\n<\/div><\/div>\n<\/div>\n<\/div>\n<\/div>","protected":false},"excerpt":{"rendered":"","protected":false},"author":1,"featured_media":0,"parent":0,"menu_order":0,"comment_status":"closed","ping_status":"closed","template":"","meta":{"footnotes":""},"class_list":["post-46","page","type-page","status-publish","hentry"],"_links":{"self":[{"href":"https:\/\/webkroj.hr\/index.php\/wp-json\/wp\/v2\/pages\/46","targetHints":{"allow":["GET"]}}],"collection":[{"href":"https:\/\/webkroj.hr\/index.php\/wp-json\/wp\/v2\/pages"}],"about":[{"href":"https:\/\/webkroj.hr\/index.php\/wp-json\/wp\/v2\/types\/page"}],"author":[{"embeddable":true,"href":"https:\/\/webkroj.hr\/index.php\/wp-json\/wp\/v2\/users\/1"}],"replies":[{"embeddable":true,"href":"https:\/\/webkroj.hr\/index.php\/wp-json\/wp\/v2\/comments?post=46"}],"version-history":[{"count":12,"href":"https:\/\/webkroj.hr\/index.php\/wp-json\/wp\/v2\/pages\/46\/revisions"}],"predecessor-version":[{"id":98,"href":"https:\/\/webkroj.hr\/index.php\/wp-json\/wp\/v2\/pages\/46\/revisions\/98"}],"wp:attachment":[{"href":"https:\/\/webkroj.hr\/index.php\/wp-json\/wp\/v2\/media?parent=46"}],"curies":[{"name":"wp","href":"https:\/\/api.w.org\/{rel}","templated":true}]}}